6
Let w(l) = -l**2 - 5*l - 6. Let o be 1/1 - (-84)/(-7). Let z = 7 + o. Calculate w(z).
-2
Let c(s) = s - 1. Suppose 1 = -2*v + 2*b + 5, 0 = -4*v - 5*b + 35. Let w be (v/10)/(2/16). Determine c(w).
3
Let d = -3 - -6. Let p(v) = -3*v**2 + 0*v**3 + 4*v**3 + 2 - d*v**3. What is p(3)?
2
Let g(q) = -q**3 - 6*q**2 - 6*q. Suppose -y - 6 = -2. Calculate g(y).
-8
Suppose 0*w + 8 = w + 4*x, x - 2 = -5*w. Let u(d) be the second derivative of 1/6*d**3 + d + 3/2*d**2 + w. What is u(-4)?
-1
Let i(l) = -l + 2. Let j(p) = -p**3 - 6*p**2 + 8*p + 7. Let g be j(-7). Let f be (2 + -2 + 0)*1. Let x = g - f. What is i(x)?
2
Let i = 19 - 15. Let c(p) = p - 5. Give c(i).
-1
Let b(t) = -2*t**2 + 1. Suppose -6*z = -z + 15. Let j = 1 + z. Determine b(j).
-7
Let r(i) = 2*i + 8. Suppose 0 = 5*n - 12 - 3. Let w = -9 + n. What is r(w)?
-4
Let r(h) = h - 7. Let b be r(0). Let y = b - -4. Let w(l) = -3*l + 4*l**2 + 3 + 5*l - 3*l**2. Calculate w(y).
6
Suppose 0 = v + 3 - 1. Let r(c) = -1 + 5 + 4*c + c + 3*c**2 + 2*c. Let y(x) = -4*x**2 - 10*x - 6. Let l(q) = -7*r(q) - 5*y(q). Give l(v).
-4
Let m(j) = j**3 - 2*j + 2. Let k be m(2). Let t(b) = b**3 - 7*b**2 + 7*b - 6. Give t(k).
0
Let t = 12 - 6. Let g(l) = -l**3 + 5*l**2 + 6*l + 2. Let p be g(t). Let o(d) = -p*d - 3*d + 1 + 6*d. Calculate o(-4).
-3
Let z(c) be the third derivative of c**4/12 - c**3/6 + 3*c**2 - 4. Give z(-1).
-3
Let y = 1 + 0. Let j be 3*(y + 2)/3. Suppose j*n + 2*a - 15 = -a, 2*n = a - 2. Let g(z) = 8*z**2 + z - 1. Determine g(n).
8
Suppose 2*r + 3 = r + 3*o, 2*r = 2*o + 2. Let g(f) be the first derivative of -1/3*f**r + 3 - 1/2*f**2 - 3*f + 1/4*f**4. Calculate g(0).
-3
Suppose -4*m = -x - 10 - 6, 2*m - 8 = -x. Let a(f) be the second derivative of -f**4/12 + f**3/6 + 3*f**2 + f. Determine a(x).
6
Let m(t) = t - 8. Let z be m(14). Let f be 4/(-6)*(-9)/z. Let l(w) be the second derivative of -3*w**3/2 - w**2/2 - w. What is l(f)?
-10
Suppose 3*j = 2*j + 5. Let n(x) = -x**2 + 6*x - 2. Determine n(j).
3
Let u(i) = i + 21. Let j = 108 + -120. Give u(j).
9
Let q(l) be the third derivative of l**6/120 - l**5/30 - l**4/8 + l**3/2 - 6*l**2. Let b = -2 - -3. Let z be 2*(b - 2)*-1. Determine q(z).
-3
Let q(f) = f + 3. Let b(y) = -3*y - 19. Let n be b(-8). Suppose 0*p = -n*p. Give q(p).
3
Let a be 4/10 - (-13)/5. Let n(d) = 1 + 11*d**3 + 3*d**3 - 21*d**a - 2*d**2. Determine n(1).
-8
Let u be 2 + -4 + 0 + 4. Let k be (-138)/30 - u/5. Let c = k + 0. Let f(b) = -b**2 - 4*b + 3. What is f(c)?
-2
Let v(j) = -3*j**2 - 9*j - 3. Let l(c) = 4*c**2 + 10*c + 4. Let k(h) = 4*l(h) + 5*v(h). Determine k(4).
-3
Suppose r = -2*k + 9, -2*r + 24 = r + 5*k. Suppose 0 = r*y - 0*y. Let a(x) = -x - 4. Determine a(y).
-4
Let f(s) be the first derivative of s**3/3 - 5*s**2/2 - 2*s + 2. Let o(b) = 2 - 4 - 4*b + b + 3. Let t be o(-1). Determine f(t).
-6
Let o(r) = -r**3 - r + 1. Suppose -15 = 5*u, -4*i + 3*u = -0*u - 29. Suppose 12 = c + i. Suppose 5*a = -4*n + 23, 2*n + 4*a - c = 3*a. What is o(n)?
-9
Suppose 0 = -3*u - u + 12. Suppose 12 = -3*p - u. Let h(v) = -v**2 - 5*v - 6. Let i be h(p). Let y(c) = c**2 + 6*c - 5. What is y(i)?
-5
Suppose 15 + 23 = 19*c. Let h(m) = m**3 - 2*m**2 - 2. Give h(c).
-2
Let d(c) be the second derivative of c**5/20 + c**4/12 + 27*c. What is d(-2)?
-4
Let j be (-2)/(2/(-10)*1). Let a(b) = 6*b - 5*b + j*b. Suppose -13*m + 4*m = -9. What is a(m)?
11
Let f(g) = g**2 + g + 2. Let s(t) = -t**3 - 15*t**2 + 9. Let q be s(-15). Suppose -3*k - q = -3. Determine f(k).
4
Let k = -28 - -25. Let c(z) = z + z**2 - 4 + 0 - 2*z. Calculate c(k).
8
Suppose 0 = -4*w + 5*q - 45, -4*w + 3*q - 18 = 17. Let c(i) = -i - 4. What is c(w)?
1
Suppose 2*h = 5*f + 45, -2*f + 4*f = -2. Let b = -11 + h. Suppose -b = -2*n - 5*i - 1, -3*i = -5*n - 11. Let c(t) = 8*t**3 - t**2 + 1. Give c(n).
-8
Let s = -24 - -22. Let u(t) = 2*t. Give u(s).
-4
Let b(l) = l**2 - 6*l + 1. Suppose 0 = -k - 5*h - 14, -3*h + 6 = 3*k - 0. Calculate b(k).
1
Let b be (-1)/3 - (-1 - (-4)/6). Let m(r) be the third derivative of r**2 - 1/24*r**4 + 0*r + 1/3*r**3 + b. Give m(1).
1
Let f(m) = -2*m - m**2 + 3 + 2*m**2 - 2*m**2 - 1. What is f(-5)?
-13
Let l(c) be the second derivative of 0 - 1/2*c**2 - 2*c - 1/12*c**4 - 1/3*c**3 + 7/20*c**5. Calculate l(-1).
-7
Let b(r) = -r**3 - 10*r**2 + 8*r. Let f(i) = -2*i**3 - 11*i**2 + 8*i. Let o(q) = 3*b(q) - 2*f(q). Determine o(7).
7
Suppose 0 = -n + 2*v - 6, 0*v - v = n - 3. Suppose -t - 2*c - 3*c = 7, -4*c - 8 = 0. Let r = t + n. Let y(p) = p**3 - 3*p**2 + 2*p - 1. What is y(r)?
5
Suppose 3*q = 4*q - 35. Suppose q = 5*v - 15. Suppose -k - 4 = 2*l - 0, 0 = k + 5*l + v. Let w(b) = -b**2 - b - 2. Give w(k).
-2
Suppose 5 + 2 = h. Let o(a) = a**2 - 7*a. Determine o(h).
0
Let w(x) = x**3 - 6*x**2 + 8*x - 2. Let v be w(3). Let c(t) = -t. Let j be 2/(-4)*-2*1. Let a(m) = 2*m + 2. Let n(i) = j*a(i) + 3*c(i). Give n(v).
7
Let y(w) = w - 1. Let r be y(5). Suppose 4*k + 7*g - 20 = 2*g, r*g + 5 = k. Suppose s + b = 3, 4*b + k = -s - b. Let j(q) = q**2 - 4*q - 7. Calculate j(s).
-2
Let c(x) = x**2 - 4*x + 1. Let o be 45 - (-2 + (-1 - -2)). Suppose -o + 6 = -8*g. What is c(g)?
6
Suppose 3*o = -2*v + 14, 23 = 4*o + o + 3*v. Let x(m) = m**2 - m**3 + 4*m**2 - 3*m + 1 - 7*m + 4*m. Calculate x(o).
-7
Suppose 4*t - 5 = -2*h - 3*h, 0 = 5*t - h - 28. Let s(a) = -a**2 + 8*a - 3. Calculate s(t).
12
Let k(c) be the first derivative of 3 + 3/2*c**2 + 0*c + 2/3*c**3. Give k(-2).
2
Let m(d) = 2*d - 2. Let s(o) = -o**3 + 24*o**2 + 27*o - 52. Let r be s(25). Determine m(r).
-6
Let p(c) = c**3 - c + 1. Let m be p(1). Let v(n) = 9*n**3 + 2*n**2 - n - n**2 + 0*n. Calculate v(m).
9
Suppose 6*h - 3*h = 0. Let g(q) be the third derivative of q**4/24 - 5*q**3/6 - 2*q**2. Let o(c) = c - 6. Let p(t) = -4*g(t) + 3*o(t). Give p(h).
2
Suppose g + 7 = 6. Let n(y) = -4*y**2 - y. What is n(g)?
-3
Let n = -3 - -5. Suppose -c + n*r - 6*r = 25, 2*r + 30 = -4*c. Let i(o) = -2*o - 6. Calculate i(c).
4
Let c(m) = -m**2 - 5*m + 6. Let p(w) = -w**2 - 1. Let q = 2 + 2. Suppose 0 = 2*a - 0*a + q. Let b be p(a). Determine c(b).
6
Let r = 1 - 1. Let c be 3/(-1) + r/(-1). Let b(z) = 7*z**2 + 8*z - 7. Let i(a) = -a**2 - a + 1. Let h(q) = b(q) + 6*i(q). Give h(c).
2
Let v(p) = 6*p**3 + p**2 - 1. Let n be 4 - (-2)/(1 - 2). Suppose 4*x + 0*s = s + 4, 4*s = 0. Let f be -1 + (n + -1 - x). Give v(f).
-6
Suppose -4*o - 5*p - 20 = 0, 3*o - 20 = -2*p + 7*p. Let i be (-217)/(-42) - 2/12. Let g(h) = -h**2 + h - 1 - 6 - i + 0. Calculate g(o).
-12
Let t(h) = -h - 1. Let v be t(-3). Let y(m) = m - 2*m**3 + m**2 + m**3 + 2*m + v. Suppose 22 + 2 = -12*k. Give y(k).
8
Let l be (-1)/(-4) + (-30)/(-8). Let b(y) = -6*y - 6*y - y**2 - 5 + 1 + 17*y. Calculate b(l).
0
Let d(n) = -2*n**2 + 57*n - 1 - 58*n + 0*n**2. Let y = 4 - 2. Let q = y + -3. What is d(q)?
-2
Suppose -5*x + 3*g = 15, 1 - 6 = 4*x - g. Let i(w) = w**3 + 21. Give i(x).
21
Let c(r) be the first derivative of 1/2*r**2 - 2/3*r**3 + 2 - 5/4*r**4 + 0*r. Suppose 19 = -q + 4*v, q - 3*v + 2*v + 4 = 0. Calculate c(q).
-6
Let t = -15 - -8. Let q(g) = g**3 + 7*g**2 + 4. Give q(t).
4
Let g(p) = -p**3 + 6*p**2 + 7*p + 5. Let j be (7/4)/(4/16). Calculate g(j).
5
Let t = -35 - -17. Let o = 18 + t. Let l(q) = -q - 2*q**3 - 4 + 0*q**3 + q**3. Give l(o).
-4
Let g(r) be the first derivative of -r**5/60 + r**4/6 - r**3/6 - r**2/2 + 3. Let n(a) be the second derivative of g(a). What is n(2)?
3
Let b(p) = -3*p**3 + p. Let w(c) = -9*c**2 + 12*c + 10*c**2 + 10 + 11*c**2 + c**3 + 0*c**3. Let i be w(-11). Calculate b(i).
2
Let m(r) = 3*r + r**2 + 4*r - 2*r - 1. Let t be (-30)/8 - (-5)/(-20). Give m(t).
-5
Let r(v) be the third derivative of v**6/60 + v**4/6 + 3*v**2. Let h(n) be the second derivative of r(n). Calculate h(1).
12
Let c = -1 - -3. Let f be 3*((-16)/(-6) - c). Let l(s) = -s**3 + 2*s. What is l(f)?
-4
Let y(j) = j + 1. Let b(i) = -6*i - 4. Let u(o) = b(o) + 4*y(o). Let l = -1 + 0. What is u(l)?
2
Let z(o) be the second derivative of o**5/20 + 5*o**4/6 + 4*o**3/3 + o**2 - 55*o. What is z(-9)?
11
Let n(t) be the first derivative of t**2/2 + 2*t + 5. Determine n(-7).
-5
Let l = 3 + -1. Let f(y) = -2 + l + y**2. What is f(-3)?
9
Let q(z) be the first derivative of -1/12*z**4 + 2*z**2 - 1/3*z**3 + 2*z + 2. Let y(b) be the first derivative of q(b). Determine y(-3).
1
Le